 and 2.
2
Let g be (-70 + -1)/((-124)/8308). What is the greatest common factor of g and 67?
67
Let v(x) = 16*x + 10. Let p be v(14). Let r = -20265 - -20283. Calculate the highest common factor of p and r.
18
Suppose 3*r = -l + 186, l - 4*l + 526 = r. Let a = 254 - l. Suppose 13*o - 10*o = 30. What is the highest common divisor of o and a?
10
Let s be (2 - (-5 + -31 + 4)) + 3. What is the highest common factor of 6253 and s?
37
Let g be (-14)/(-8) + 1/4. Let p be (-250)/(-21) - 24/(-252). Suppose -g*q = -6*q + p. What is the highest common divisor of 24 and q?
3
Let t(i) = -67*i - 517. Let j be t(-8). Calculate the highest common factor of 380 and j.
19
Let x(n) = 2*n**3 - 3*n**2 + n + 18. Let i be 4/(-6) - 153/(-27). Let t be x(i). Suppose 0 = d - 26 + 4. Calculate the greatest common divisor of t and d.
22
Let a = 783 - 1504. Let h = a - -769. Let r(x) = 9*x**2 - 3*x - 6. Let f be r(-6). What is the greatest common divisor of f and h?
48
Let z(q) = -337*q + 4862. Let v be z(14). What is the greatest common factor of 2096 and v?
16
Let o be ((-120)/(-35))/(38/266). Calculate the greatest common factor of o and 2874.
6
Let a(r) = -16*r + 919. Let k be a(52). What is the greatest common factor of k and 1363?
29
Let u(f) = 4*f + 98. Let b be u(-25). Let i be (-61)/b - 26/52. What is the highest common factor of i and 20?
10
Let f = -205 + 207. Suppose 38 = 5*b + 4*t - 2, f*b + 2*t - 14 = 0. Calculate the highest common factor of b and 24.
12
Let j = 529 - 525. Suppose -j*i + 216 = -i + 3*z, 2*z = -5*i + 360. Let x(s) = 4*s - 6. Let p be x(6). What is the highest common divisor of p and i?
18
Let h = 317 - 302. Suppose 6*b - 9*b = -h. Calculate the greatest common factor of b and 80.
5
Let b be ((-1800)/(-70))/(1 - 18/21). Calculate the greatest common factor of 192 and b.
12
Let n be 4/2*(-2622)/(-76). What is the greatest common divisor of 1633 and n?
23
Suppose -m + 21*m - 11241 = 1159. Calculate the greatest common factor of m and 100.
20
Let c = 16 - -68. Suppose p - 12*p + 264 = 0. Calculate the greatest common divisor of p and c.
12
Suppose 4872 + 5795 = 5*y + 2*l, -6393 = -3*y - 3*l. What is the greatest common divisor of y and 35?
35
Suppose 0 = -5*f + 4*a + 110, -10*a + 14*a = 4*f - 84. Suppose 11*o = 7*o - 8, 2*z - f = 2*o. Calculate the greatest common factor of z and 209.
11
Let c be ((-8376)/36)/((-16)/(-6) + -2). Let t = c - -359. Calculate the greatest common divisor of 310 and t.
10
Suppose 3*m + 9 = -6. Let j = -226 + 228. Let s be j*((-900)/5)/m. Calculate the highest common factor of 108 and s.
36
Let h = -34 + 155. Let n = -121 + h. Suppose 4*r - 1314 + 274 = n. What is the highest common factor of 104 and r?
52
Suppose 0 = 44*m - 42*m - 320. Let x(q) = 12*q + 2. Let a be x(3). Let u = a - 22. What is the greatest common factor of m and u?
16
Let b be (1518/63 + 160/(-112))/((-2)/(-3)). Let o = 302 - 149. What is the greatest common divisor of o and b?
17
Let k = 2119 + -1589. Suppose -82 = -36*t + k. Let m = 432 - 245. What is the greatest common divisor of m and t?
17
Suppose 1110 = 1101958*r - 1101952*r. Suppose -2*x + 2*t = -64 - 76, 5*x = -2*t + 378. What is the greatest common divisor of x and r?
37
Let w(v) = -v**3 - 18*v**2 + 2*v - 140. Let b be w(-19). What is the highest common divisor of 61 and b?
61
Let n = 30 + -25. Let h(i) = -i**2 - 16*i + 5. Suppose 9*y - 14*y - 50 = 0. Let u be h(y). What is the greatest common divisor of n and u?
5
Suppose 8*l = 203 - 11. Let p = 152 - -48. What is the greatest common factor of l and p?
8
Let k be -2 - (83 - 5 - 3/(-1)). Let i = 110 + k. Calculate the greatest common divisor of i and 6.
3
Let r = 159 + -99. Suppose -r*y = -52*y - 2376. What is the highest common divisor of 189 and y?
27
Suppose -4*l = -2*l - 10. Suppose -49 = -l*g + 51. What is the greatest common divisor of 40 and g?
20
Suppose 11381 - 2757 = 16*g. Suppose -6*j + 7*j - 40 = -2*x, -4*j - 4*x + 168 = 0. What is the greatest common factor of j and g?
11
Let c(f) = f**3 + 29*f**2 + 59*f - 206. Let u be c(-24). What is the highest common factor of 2 and u?
2
Let r be (4/12)/(2/60). Suppose 0 = -23*d + 2293 - 683. What is the greatest common factor of d and r?
10
Suppose -78 = -6*s + 6. What is the greatest common divisor of 1246 and s?
14
Let b = 6943 + -6835. Calculate the greatest common factor of 4608 and b.
36
Suppose 4*d - 3962 = -3*a, -4*a - 3966 = -4*d - 5*a. What is the greatest common factor of d and 112?
16
Suppose -5*a - 2230 = -4*v, -4*a - 1435 = -3*v + 237. Suppose -5*b - 2*n + 700 = 0, -b = 3*b + 2*n - v. Calculate the highest common divisor of b and 105.
35
Suppose z = 3*z - 18. Let h = -249022 - -249769. Calculate the greatest common divisor of h and z.
9
Let m = 18940 - 10383. What is the greatest common divisor of 995 and m?
199
Let g(i) = -i**2 - 3*i + 2344. Let l be g(46). Calculate the highest common factor of l and 40.
10
Let s be (381 - 1)*(-10)/(-25). Suppose 4*f - 4*v - 76 = 0, -f = -f - 4*v. What is the greatest common factor of s and f?
19
Suppose -166*s = -132*s - 14280. Calculate the greatest common factor of s and 720.
60
Suppose 17*n = -5*j + 15*n + 43, 3*j - 29 = 2*n. Let h(o) = -16*o + 169. Let t be h(j). What is the greatest common divisor of 175 and t?
25
Suppose -798*d + 1044*d - 2429742 = 0. What is the greatest common divisor of 714 and d?
119
Let h = -40046 - -28206. Let w be h/(-12) - 1*(-24)/18. What is the greatest common factor of 76 and w?
76
Let w be ((-121)/55 + 5)/(1/45). Suppose 14*h - 5*h = w. What is the greatest common factor of h and 70?
14
Let y = 21 - 9. Let m = -45 - -95. Suppose -b + 110 = m. What is the greatest common divisor of y and b?
12
Suppose 0 = -4*h + 31 + 9. Let n = -102 + 106. Let z be (((-770)/8)/(-7))/(n/32). Calculate the greatest common divisor of h and z.
10
Let g = -7525 - -7557. What is the highest common factor of 824 and g?
8
Let x = 237 + -161. Suppose 3*n - 50 - x = 0. Let s = 70 - 63. Calculate the greatest common divisor of s and n.
7
Suppose 0*y + 4*y = 0. Suppose 5*l + 20 - 70 = y. Suppose 2*r - l = -0*r, -3*i = 5*r - 841. What is the greatest common divisor of i and 34?
34
Let x be (363/55)/(5 - 88094/17620). What is the greatest common divisor of x and 22?
22
Suppose -a - j + 3*j - 94 = 0, 5*a = -5*j - 440. Let x = 110 + a. What is the highest common factor of x and 460?
20
Let q(h) = 39*h**3 - 2*h**2 + h. Let n be q(1). Suppose 10716 = 54*d - 7*d. What is the greatest common divisor of d and n?
38
Let k be ((-36)/(-8))/((-14)/28). Let y be (k + -778)*-1 + -5. Calculate the greatest common factor of 34 and y.
34
Let c be (-846)/24 + -7 - 5/(-20). Let x be (5 + -1 - (43 + c)) + 12. Calculate the highest common divisor of 9 and x.
3
Let l = 585 + -359. Suppose 4*t - l = 5*p + 90, -3*t + 248 = -p. Calculate the highest common factor of t and 210.
42
Suppose -38*k + 15756 = k. Suppose -3*g - k = -4*a, -7*a + 8*a - 96 = 2*g. Calculate the highest common divisor of a and 468.
52
Let k be 0 + -2 + 0 + 4. Suppose -4*c - k*y = -247 - 1585, -2*y = -8. Calculate the greatest common divisor of 24 and c.
24
Let q = -293 - -645. What is the greatest common divisor of 28 and q?
4
Let d(i) = -i**3 - 40*i**2 + 13*i - 126. Let y be d(-41). What is the highest common factor of 21 and y?
7
Let h = 120 - 362. Let j = h + 244. Calculate the greatest common factor of 6 and j.
2
Let w be (-51568)/(-80) - (-10)/25. What is the highest common factor of w and 15?
15
Suppose -3 = -2*h + 3*a, -2*h + a + 2 = 1. Suppose -g = -h*g - 104. Suppose -55*n - 33*n = -807 + 103. Calculate the greatest common factor of n and g.
8
Suppose -13*d - 3*a + 7 = -9*d, 5*d + a - 17 = 0. Suppose 4*o - 2*i - 66 = 62, 5*o = -d*i + 147. What is the greatest common divisor of 1 and o?
1
Suppose 3*x - 4*w + 2*w - 764 = 0, -3*w = 2*x - 518. Suppose 72 = -x*l + 264*l. What is the highest common factor of 9 and l?
9
Let m = -25095 + 37845. What is the greatest common divisor of m and 102?
102
Let g = 526 - 300. Let a = g - -174. What is the greatest common factor of 16 and a?
16
Let q be 0 + 1 + (-46 - -45). Suppose 4*g = -4*v + 60, -g = -q*v - 4*v + 5. What is the highest common factor of g and 77?
11
Let t(o) = -3*o - 8. Let d be t(-7). Let g = -264 + 316. What is the greatest